q = -2*c - 23, 4*q - 10 = 2*c. Let h(t) = 21*t**2 + 2. Let s be h(c). Suppose 2*i - i - s = 0. Is i composite?
False
Let i(l) = 392*l**2 + 23*l + 329. Is i(-20) prime?
False
Let d(q) = -q**2 - 6*q + 3. Let s be d(-6). Suppose -p - 3 - 3 = -5*i, 5*i - s*p + 2 = 0. Suppose -i*c = 7*c - 4203. Is c a composite number?
False
Suppose -11*x + 11058 = 1928. Let m = x - 327. Is m prime?
True
Let t = -524 + 550. Let s = t - 7. Is s a composite number?
False
Let n(w) = -109 + 0*w + 56*w**2 - 86 - 16*w + 58. Is n(-10) prime?
True
Suppose 5354 = 8*y + 1458. Is y/(-3)*(-4 - -1) prime?
True
Let z(t) be the first derivative of 4*t**2 + 28*t + 26/3*t**3 - 6 - 1/4*t**4. Is z(13) a composite number?
True
Let w be ((-4)/(-3))/((-1)/3). Suppose 0 = -2*m + 4*v + 10, -5*m + 99 = 4*v + 144. Is (24555/25 - 0) + w/m a composite number?
False
Let r be 5709/12*(82 + -14). Suppose 16*q = -q + r. Is q composite?
True
Let r = 38 - 29. Let w be 2/9 + 214/9. Let c = r + w. Is c composite?
True
Suppose -4402 = -4*c + 3*z - z, -2*c - z + 2191 = 0. Let r = c - -12371. Is r prime?
True
Suppose 5*l + 3408 = 1508. Let y = -669 - -1316. Let z = l + y. Is z a composite number?
True
Let n(j) = -3*j**3 - 77*j**2 + 37*j + 128. Let y(i) = -2*i**3 - 38*i**2 + 18*i + 64. Let s(k) = -3*n(k) + 5*y(k). Is s(39) a composite number?
True
Let b = -27 + 28. Suppose h - 5*y = -4*h, 4*y + b = 5*h. Is ((-155)/(-3))/(h/3) a prime number?
False
Is 12430 - (38/(-57))/((-4)/(-54)) composite?
True
Suppose 103*a - 3414612 = 9207523. Is a prime?
False
Let t(o) = 179*o + 17. Let c be t(-5). Let y = -2182 + 3691. Let r = y + c. Is r a prime number?
True
Let k(b) = -3*b**2 + 10*b - 6. Let r be k(7). Is (r/(-249))/(((-4)/92346)/(-2)) composite?
False
Let d(y) = -7922*y - 8921. Is d(-20) a prime number?
True
Suppose 16*j - 129155 - 67804 = -5*j. Is j a composite number?
True
Let j(r) = -2*r**2 - 16*r + 15. Let c be j(-9). Let l be ((-23)/(-2))/(c - 1749/(-582)). Let k = l + -594. Is k composite?
False
Let k = 50 + -11. Suppose 42*q - k*q = 0. Suppose m = -q*m + 559. Is m prime?
False
Suppose 14 = x + 2. Suppose x = -16*d + 20*d. Suppose -809 + 2480 = d*s. Is s prime?
True
Suppose -4*y + 46385 = 3*z - 207394, 4*z - 338365 = -3*y. Is z composite?
False
Suppose -21*p + 0*p + 1281161 + 455518 = 0. Is p a prime number?
True
Let h = 46 + -34. Let i(c) = 106*c + 89. Is i(h) a composite number?
False
Let s(g) = 248*g**2 - 10*g - 11. Let p be (-154)/(-30) + 52/(-390). Is s(p) composite?
True
Suppose k + 3*t + 2091 = 5*k, -3*t = 3. Suppose -5*r + k = -3*y - 901, -4*r + 4*y = -1132. Is r composite?
True
Let p(f) = 10*f**3 + 49*f**2 - 65*f + 5. Is p(20) composite?
True
Suppose -5*w = -y + 22779, 6580 = -3*w + 5*y - 7105. Let z = -2610 - w. Is z a prime number?
False
Suppose -4*l + 8*l - 81394 = -2*c, -4*c + l = -162770. Is c a prime number?
True
Suppose 4*k + 3*s = 3781, -4*s = -5*k - s + 4706. Suppose 239 = m - k. Is m/4 - (2/4 + 0) a prime number?
False
Suppose 3752*c - 3775*c + 11285801 = 0. Is c composite?
True
Suppose 3*g + 59*r - 58*r - 167955 = 0, -3*g = -4*r - 167985. Is g a prime number?
True
Let f(q) = 1497 + 4961 - 2026*q + 2027*q - q**3. Is f(0) a composite number?
True
Is (57142/(-6))/((1 + 6)/(-1407)) prime?
False
Is (202 + -190 - (0 - 723068)) + 1 a composite number?
True
Let c = -177776 - -263397. Is c prime?
True
Let v = -67 - -76. Let g be 80 - (0*(-3)/v)/(-1). Suppose -79*m + g*m - 685 = 0. Is m a composite number?
True
Let h be 20/(-6)*25/((-250)/24). Suppose -2*t = -h, -5*t - 7757 = -2*p + 129. Is p composite?
True
Suppose 75*m - 77*m - 8*p = -86970, -4*m + 4*p + 174080 = 0. Is m a prime number?
False
Let k = -163580 + 341119. Is k a prime number?
True
Let n = 27 + -26. Suppose 0 = 7*q + n - 15. Suppose -t - 5*f = -5*t + 4402, 4*f = q*t - 2198. Is t composite?
False
Let g(x) = 8*x**2 + 28*x + 7. Let n(b) = 2 + 12*b + b**2 + 3 + 9 + 2. Let t be n(-9). Is g(t) prime?
False
Let g be 117/(-156) + 134/8. Is 142031/10 - g/160 a composite number?
True
Suppose -n + d = -4 - 8, -3*n = 2*d - 31. Suppose 28495 - 126912 = -n*a. Is a prime?
False
Let f(l) = 229*l**3 - 4*l**2 - 97*l + 17. Is f(14) a composite number?
False
Let u(s) = 1 + 4*s**2 + 2*s - 5*s**2 + 3*s + 3*s**2. Let m be u(-2). Is (m/3)/((-5)/1230) a composite number?
True
Suppose -5*i + 4*z + 199906 = -422305, 4*i + 4*z - 497812 = 0. Is i a composite number?
False
Suppose 4*u = 53 + 63. Let f = u + -20. Suppose 332 + 307 = f*j. Is j prime?
True
Let k(r) = r**2 + 4*r - 37. Let s be k(-9). Suppose 18*l - 19490 = s*l. Is l a composite number?
False
Suppose -399*c - 188795 = -404*c. Is c composite?
True
Suppose 2*f = -f - 29673 + 96396. Is f a composite number?
True
Let q = 29 - 29. Suppose 4*m + 0 = 5*k + 6, q = 2*m + 3*k - 14. Suppose 0 = -2*f, 0*d - m*d - f = -532. Is d a composite number?
True
Suppose 0 = -2*b - 3*l + 126487, 429*l + 7 = 430*l. Is b prime?
False
Let f(j) = -68*j + 94. Let v be f(-8). Suppose 4*s - 16420 = -4*w, w - 4*s - 3472 - v = 0. Is w composite?
True
Suppose -28*o = -49*o + 5550195. Is o prime?
False
Let v = -109 - -89. Is 1504/5 + (8/v)/(-2) a composite number?
True
Let c = 24 - 32. Let d(g) = -g**3 - 3*g**2 + 4*g + 9. Let b be d(c). Suppose -b = -4*y + 707. Is y a composite number?
False
Let w = -79 - -79. Suppose w = -2*v - 5*v + 126. Suppose -v*k + 13*k + 16495 = 0. Is k prime?
True
Let o(f) = 5661*f + 7118. Is o(59) composite?
True
Let p(z) = z**3 - 27*z**2 - 7. Let o be p(27). Is -2 - (o - -6)*709 prime?
False
Let j(r) = 2*r**2 - 3*r - 2. Let d be j(5). Let q = d - -73. Let o = q + -59. Is o composite?
False
Let q(p) = 316*p**2 + 27*p + 709. Is q(-18) a composite number?
False
Suppose 34*b - 29*b - 42370 = 0. Suppose -3*d = 5*m - 25567, 2*m - 49 = -d + b. Is d composite?
True
Suppose 4*p + 206607 = -2*p + 9*p. Is p a composite number?
True
Let y(i) = 3*i**2 - 68*i + 44. Let c be y(22). Is c - -401 - (-3 + 9) composite?
True
Let r = 8589 - 5386. Let o = r - 1356. Is o a composite number?
False
Let l = -56 + 146. Suppose h - 207 = -4*c, h + 180 = 5*c - l. Let m = c + 34. Is m prime?
False
Let u(j) = -2*j**3 + 19*j**2 - 2*j - 28. Let g be u(-11). Suppose 459 = 3*x + f - 4508, -3*x = 4*f - g. Is x a composite number?
False
Suppose 3*k = 3*x - 375618, 3*x - 572*k + 576*k = 375653. Is x composite?
True
Let u(c) = -15*c**3 + 10*c**2 + 22*c - 10. Let t be u(-11). Suppose 6*z + 4597 = t. Is z a composite number?
True
Let b = 710132 + -106275. Is b a prime number?
False
Let s be (37/(-185))/((-2)/10). Is (s + 324/(-8))/(6/(-3084)) composite?
True
Suppose 5*v - 2 = 3*i + 54, 4*i = 3*v - 38. Let a be 5/v + 3/2. Suppose a*x - 4*x + 3118 = 0. Is x a composite number?
False
Suppose 5*t + 18*u - 15*u = 1265309, 4*u + 1265323 = 5*t. Is t a prime number?
True
Suppose -2*o + 247 - 253 = 0, 2*o + 58978 = 4*p. Is p composite?
True
Suppose -3*x + 34*x - 10*x = 334131. Is x composite?
True
Suppose 42*m - 1950830 = 718900. Is m prime?
False
Is (-7)/14 - (-103569)/46 composite?
False
Let p = -89630 - -285325. Is p a prime number?
False
Let z(i) = i**2 + 2*i + 139. Let j be 4 - (2 - -1) - (-5 - -5). Let n be (-9)/3 + 3 - (-1 + j). Is z(n) composite?
False
Suppose 0 = 5*z + 10 - 35, 2*z = -5*n + 35. Suppose n*g - 6 = 34. Suppose 0 = -g*m + m + 4711. Is m prime?
True
Let h(j) = 19*j**3 + 3*j**2 - 12. Let i be h(5). Suppose -q - m + i = 0, -2*q - 2*m + 7313 = q. Is q composite?
False
Let g = -21992 - -24147. Is g a prime number?
False
Is 7 + 0 + (-185160)/(20/(-4)) prime?
True
Suppose 4976543 = 2*h - 3*w, 4*h - 4*w + 970418 = 10923514. Is h prime?
False
Suppose 15*g - 240553 = 258752. Is g a prime number?
True
Let o(v) = 11*v - 19. Let q(u) = -11*u - 1 - 3 + 8 + 15. Let x(l) = -6*o(l) - 5*q(l). Is x(-5) a prime number?
False
Suppose -3*j + 6*j = -273. Let r = j - -93. Suppose -2384 = -r*k + v, -254 = k - 5*v - 1437. Is k a prime number?
True
Let m(t) = 8195*t - 83. Let v be m(10). Is 8/6*v/116 a composite number?
False
Suppose -74*s = -11531862 - 11389120. Is s a prime number?
False
Let n(w) = 79*w**2 - 19*w + 55. Suppose -63 = r - 8*r. Is n(r) a composite number?
True
Let p = 10 - 2. Let t be 110/(p/60*3). Suppose 0*o + 3*o - 5*z = 402, -2*o + z = -t. Is o prime?
True
Let j be (0 - 2/(-4))*(-16 - -26). Suppose j*f = -4*n + 6131, 0*f - 4*n - 2458 =